g(-9)?
-4
Let r(d) = 9*d**2 - 6*d + 5. Calculate r(1).
8
Let y(k) = -k**2 - 3*k + 4. Calculate y(-3).
4
Let o(u) = u**3 + 15*u**2 + 43*u - 2. Determine o(-11).
9
Let o(z) = -32*z - 257. Calculate o(-8).
-1
Let r(i) = i**2 + 2*i + 9. What is r(-6)?
33
Let j(g) = 2*g**2 + g - 8. What is j(-3)?
7
Let c(u) = u**2 - 8*u - 3. What is c(4)?
-19
Let t(g) = -3*g**2 + 26*g - 11. What is t(8)?
5
Let c(n) = n**2 + 22*n - 138. Calculate c(5).
-3
Let o(q) = -q**2 - 13*q + 9. What is o(-13)?
9
Let r(y) = 22*y + 15. What is r(-2)?
-29
Let h(z) = z**2 + 2*z - 5. Calculate h(3).
10
Let l(p) = p**3 + 3*p**2 - 3*p - 3. Calculate l(2).
11
Let a(s) = -s**3 + 5*s**2 - 3*s + 6. Give a(5).
-9
Let l(f) = f**3 - 7*f**2 + 3*f + 6. Determine l(7).
27
Let r(t) = -t**3 - 8*t**2 - 6*t - 7. Calculate r(-6).
-43
Let k(l) = l**2 + 4*l - 2. Determine k(-5).
3
Let m(o) = 3*o + 24. Determine m(-9).
-3
Let l(i) = 2*i**2 + 18*i + 19. Calculate l(-7).
-9
Let u(l) = -l - 4. Determine u(-5).
1
Let y(l) = 2*l**3 - 27*l**2 - 14*l - 2. Determine y(14).
-2
Let y(s) = -s**3 - 3*s**2 - 5*s - 8. What is y(-3)?
7
Let u(h) = 2*h + 13. What is u(-7)?
-1
Let t(f) = f**3 - 3*f**2 + f - 22. Determine t(5).
33
Let f(a) = -a**2 - 5*a + 204. What is f(12)?
0
Let m(z) = -z**3 - 8*z**2 - 7*z + 6. What is m(-7)?
6
Let k(o) = o**3 + 24*o**2 - 26*o - 51. Give k(-25).
-26
Let p(s) = s**3 + 2*s**2 + 3*s - 4. What is p(-3)?
-22
Let m(a) = 2*a**2 - 4*a + 12. Give m(0).
12
Let j(s) = s**3 + 2*s**2 - s - 40. Give j(0).
-40
Let q(x) = -x**3 + 7*x**2 - 8*x + 7. What is q(6)?
-5
Let x(a) = a + 18. Determine x(7).
25
Let s(b) = -3*b - 6. Determine s(-4).
6
Let s(g) = -3*g**3 - g**2 + 3*g + 1. Calculate s(-2).
15
Let p(z) = -z + 10. Calculate p(3).
7
Let k(z) = 3*z - 66. Give k(21).
-3
Let k(w) = w**3 - 9*w**2 + 8*w + 4. Give k(8).
4
Let y(t) = -55*t - 171. Determine y(-3).
-6
Let w(s) = -s**3 + s**2 + 6*s - 1. Determine w(-3).
17
Let a(u) = u**3 + 9*u**2 + 11*u + 21. Calculate a(-8).
-3
Let u(w) = -w**3 - 10*w**2 - 11*w - 2. Calculate u(-9).
16
Let u(n) = -34*n + 7. Give u(1).
-27
Let f(l) = -l**3 - 7*l**2 + 2*l + 3. Give f(-7).
-11
Let x(a) = 10*a + 14. What is x(-8)?
-66
Let s(c) = -17*c - 13. Give s(-1).
4
Let k(s) = -s**2 + 17*s + 44. Give k(21).
-40
Let c(t) = t**2 - 18*t + 78. Determine c(12).
6
Let m(a) = -a**3 - 11*a**2 - 23*a + 6. Calculate m(-4).
-14
Let u(y) = y**2 + 9*y + 2. Determine u(-8).
-6
Let d(q) = q**2 + 10*q + 3. Give d(-9).
-6
Let o(x) = -x + 3. Calculate o(7).
-4
Let f(z) = -17*z - 85. Determine f(-5).
0
Let w(j) = -3*j**2 + 4*j + 1. Calculate w(3).
-14
Let n(l) = -8*l - 128. Calculate n(-15).
-8
Let q(a) = -39*a + 49. Determine q(0).
49
Let x(c) = c**3 - 22*c**2 - 25*c - 36. Give x(23).
-82
Let x(a) = 5*a - 70. Give x(14).
0
Let h(z) = -2*z**2 - 14*z + 16. Calculate h(-7).
16
Let w(s) = -s**3 - 12*s**2 + 15*s + 22. What is w(-13)?
-4
Let d(f) = -2*f**2 + 11*f + 1. What is d(5)?
6
Let b(f) = -f**2 + 30*f - 33. Calculate b(29).
-4
Let v(r) = 3*r**3 + 5*r**2 + 2*r. What is v(-2)?
-8
Let r(a) = -a**2 - 19*a - 64. Give r(-14).
6
Let q(m) = m**3 - 11*m**2 - 11*m + 39. Give q(12).
51
Let k(c) = c**2 - 4*c. Calculate k(-4).
32
Let u(k) = k**3 - 8*k**2 - 2*k + 6. Determine u(8).
-10
Let o(r) = -3*r - 10. What is o(5)?
-25
Let z(m) = -m**2 - 4*m + 24. Determine z(-6).
12
Let c(o) = -o**3 + 5*o**2 + 3*o - 2. What is c(5)?
13
Let j(f) = -f**2 - 10*f + 3. Calculate j(-9).
12
Let a(q) = -6*q + 21. Determine a(5).
-9
Let k(z) = -z**2 - 16*z + 54. Give k(-19).
-3
Let r(o) = 3*o**2 - o + 2. Give r(-4).
54
Let s(r) = 64*r - 437. What is s(7)?
11
Let l(f) = 6*f - 55. Give l(15).
35
Let n(q) = q**2 - 4*q - 6. Give n(6).
6
Let y(d) = 2*d**2 - 67*d + 370. Determine y(7).
-1
Let x(m) = m**3 - 6*m**2 - 2*m - 2. What is x(6)?
-14
Let y(q) = -4*q - 24. Determine y(-15).
36
Let s(q) = -36*q**3 + q**2 - q. Calculate s(1).
-36
Let m(t) = t**3 + 10*t**2 + 11*t + 121. Determine m(-10).
11
Let b(f) = f**2 - 5*f + 4. Calculate b(5).
4
Let c(p) = -p**3 - 5*p**2 - p + 7. Give c(-6).
49
Let d(t) = t**2 - 8*t + 5. Determine d(7).
-2
Let h(j) = j**2 - 15*j - 36. What is h(16)?
-20
Let h(x) = 3*x - 2. What is h(-12)?
-38
Let l(n) = n - 1. Give l(-6).
-7
Let z(v) = v**3 + 3*v**2 - 3*v + 13. Determine z(-5).
-22
Let z(u) = -u**2 - 9*u + 7. Calculate z(-9).
7
Let u(d) = -3*d - 37. What is u(-11)?
-4
Let a(p) = p**3 + 11*p**2 - 17*p - 20. What is a(-12)?
40
Let f(a) = 2*a**2 - 39*a - 18. Calculate f(20).
2
Let x(b) = -30*b - 255. Calculate x(-9).
15
Let b(z) = -z**3 + 32*z**2 + 48*z - 509. Calculate b(33).
-14
Let z(u) = -3*u**2 + 8*u - 5. Determine z(4).
-21
Let o(r) = 4*r**3 - 3*r**2 + 3*r - 2. Calculate o(1).
2
Let s(p) = 19*p + 3. Give s(-2).
-35
Let s(n) = 9*n**3 - n + 1. Determine s(-2).
-69
Let v(j) = -2*j**3 + 9*j**2 + 6*j - 3. Give v(5).
2
Let x(b) = -44*b**2 + 14*b - 2. Give x(1).
-32
Let f(w) = w**2 - 6*w - 6. Calculate f(6).
-6
Let m(a) = -3*a + 1. What is m(-3)?
10
Let r(h) = -3*h + 15. Give r(7).
-6
Let p(t) = -8*t**3 + t**2 + t. Determine p(-1).
8
Let n(d) = -d**2 + 11*d - 10. Determine n(0).
-10
Let l(d) = 2*d**3 - 12*d**2 + 5. Calculate l(6).
5
Let h(m) = 3*m**2 + 4*m - 3. Give h(-5).
52
Let f(b) = b**2 - 11*b + 26. Give f(9).
8
Let k(u) = -5*u + 10. What is k(1)?
5
Let i(g) = 17*g - 71. Determine i(7).
48
Let y(h) = 2*h**3 - 41*h**2 + 18*h + 37. Calculate y(20).
-3
Let r(u) = u**3 + 17*u**2 + 2*u - 7. What is r(-17)?
-41
Let s(i) = -i**2 - 6*i + 1. Calculate s(-9).
-26
Let t(y) = -y**3 - 10*y**2 + 7*y - 28. What is t(-11)?
16
Let g(x) = 2*x**3 - 13*x**2 - 6*x - 11. Give g(7).
-4
Let n(p) = -p**2 + 9*p - 13. Calculate n(4).
7
Let z(l) = -l**3 - 5*l**2 - 6*l - 5. What is z(-2)?
-5
Let g(a) = a**3 - 5*a**2 - 5*a - 5. Give g(6).
1
Let d(a) = -a**3 - 10*a**2 - 24*a - 9. What is d(-7)?
12
Let r(x) = 30*x + 12. Calculate r(-3).
-78
Let w(v) = v**3 - 10*v**2 - 7*v - 4. Give w(10).
-74
Let q(n) = n**3 + 6*n**2 - 7*n - 1. Give q(-5).
59
Let v(c) = 2*c**2 + c - 2. Calculate v(-2).
4
Let u(r) = 2*r - 28. Calculate u(15).
2
Let d(v) = v**2 + v + 5. Calculate d(-4).
17
Let g(c) = c**2 - 5. Calculate g(-4).
11
Let f(u) = -3*u + 4. What is f(5)?
-11
Let a(o) = 2*o**2 - 2*o - 3. Calculate a(6).
57
Let a(o) = 43*o + 29. Calculate a(-3).
-100
Let i(a) = -81*a + 237. Determine i(3).
-6
Let c(j) = j - 3. What is c(4)?
1
Let x(i) = 13*i - 6. Calculate x(5).
59
Let j(a) = -a**3 + 5*a**2 + 6*a + 40. Calculate j(7).
-16
Let k(q) = -21*q + 254. Determine k(12).
2
Let g(w) = 2*w**2 - 22*w + 5. Determine g(9).
-31
Let p(c) = 2*c**2 - 7*c + 3. Calculate p(4).
7
Let i(r) = -3*r**2 - 112*r - 28. What is i(-37)?
9
Let m(h) = h**3 - 12*h**2 - 10*h - 33. Calculate m(13).
6
Let v(x) = -12*x + 55. Calculate v(6).
-17
Let d(o) = -2*o**2 + 5*o + 12. Calculate d(4).
0
Let m(a) = a**2 - 7*a - 4. Calculate m(7).
-4
Let o(r) = 2*r + 5. What is o(-3)?
-1
Let j(k) = k**2 + 4*k + 4. Give j(-2).
0
Let q(x) = x**2 - 6*x + 8. Give q(4).
0
Let h(r) = -r**3 - 13*r**2 - 13*r + 9. Give h(-11).
-90
Let s(c) = -23*c**2 - 1. Give s(1).
-24
Let j(d) = -d**3 + 6*d**2 + 2*d + 1. Calculate j(3).
34
Let z(h) = -5*h - 120. What is z(-20)?
-20
Let x(u) = -2*u**3 + 5*u**2 + 8*u - 7. Calculate x(3).
8
Let v(w) = -13*w - 23. Determine v(-2).
3
Let d(x) = -x + 30. Determine d(16).
14
Let b(k) = k**2 + 14*k + 40. Give b(-11).
7
Let p(w) = -6*w + 37. Give p(8).
-11
Let k(p) = -6*p - 1. Give k(-1).
5
Let p(q) = 3*q**2 + 76*q + 95. Give p(-24).
-1
Let v(q) = 31*q + 121. Calculate v(-4).
-3
Let t(s) = -s**2 - 3*s - 11. Calculate t(5).
-51
Let y(i) = -i + 17. Give y(12).
5
Let n(g) = 2*g**2 - 11*g + 2. Determine n(5).
-3
Let k(g) = -g - 57. Determine k(0).
-57
Let m(x) = 2*x**3 + 20*x**2 - 3*x - 25. Calculate m(-10).
5
Let y(h) = h**3 - 49*h**2 + 136*h + 90. Determine y(46).
-2
Let b(j) = 4*j**2 + 1. Give b(2).
17
Let k(i) = 24*i + 10. Determine k(5).
130
Let v(t) = t**3 - 21*t**2 - 21*t - 17. Determine v(22).
5
Let v(t) = 124*t**3 - t**2 + t + 1. What is v(-1)?
-125
Let c(b) = b**3 - 11*b**2 - 14*b + 14. What is c(12)?
-10
Let k(q) = q**2 + 17*q + 3. Give k(-17).
3
Let g(v) = v**3 + 8*v**2 + 10*v - 9. Calculate g(-6).
3
Let o(p) = -8*p + 6. Calculate o(2).
-10
Let w(t) = t**3 + 18*t**2 - 40*t - 13. Calculate w(-20).
-13
Let c(w) = -2*w**2 + 7*w + 4. Determine c(6).
-26
Let q(x) = x